{"id":2439,"date":"2024-02-25T11:38:42","date_gmt":"2024-02-25T11:38:42","guid":{"rendered":"https:\/\/breathwork-hannover.com\/?page_id=2439"},"modified":"2026-04-16T06:45:10","modified_gmt":"2026-04-16T06:45:10","slug":"11-begleitung","status":"publish","type":"page","link":"https:\/\/breathwork-hannover.com\/?page_id=2439","title":{"rendered":"Events &#038; Gruppen"},"content":{"rendered":"\t\t<div data-elementor-type=\"wp-page\" data-elementor-id=\"2439\" class=\"elementor elementor-2439\" data-elementor-post-type=\"page\">\n\t\t\t\t\t\t<section class=\"elementor-section elementor-top-section elementor-element elementor-element-d2da886 elementor-section-boxed elementor-section-height-default elementor-section-height-default\" data-id=\"d2da886\" data-element_type=\"section\" data-e-type=\"section\" data-settings=\"{&quot;background_background&quot;:&quot;classic&quot;,&quot;_ha_eqh_enable&quot;:false}\">\n\t\t\t\t\t\t\t<div class=\"elementor-background-overlay\"><\/div>\n\t\t\t\t\t\t\t<div class=\"elementor-container elementor-column-gap-default\">\n\t\t\t\t\t<div class=\"elementor-column elementor-col-100 elementor-top-column elementor-element elementor-element-1ac6e11d\" data-id=\"1ac6e11d\" data-element_type=\"column\" data-e-type=\"column\">\n\t\t\t<div class=\"elementor-widget-wrap elementor-element-populated\">\n\t\t\t\t\t\t<div class=\"elementor-element elementor-element-3cb87d4f elementor-widget elementor-widget-heading\" data-id=\"3cb87d4f\" data-element_type=\"widget\" data-e-type=\"widget\" data-widget_type=\"heading.default\">\n\t\t\t\t<div class=\"elementor-widget-container\">\n\t\t\t\t\t<h2 class=\"elementor-heading-title elementor-size-default\">Hier findest du eine \u00dcbersicht \u00fcber meine aktuellen Events.<\/h2>\t\t\t\t<\/div>\n\t\t\t\t<\/div>\n\t\t\t\t<div class=\"elementor-element elementor-element-6c2bae6a elementor-widget elementor-widget-text-editor\" data-id=\"6c2bae6a\" data-element_type=\"widget\" data-e-type=\"widget\" data-widget_type=\"text-editor.default\">\n\t\t\t\t<div class=\"elementor-widget-container\">\n\t\t\t\t\t\t\t\t\t<p>Die Teilnehmerzahl ist begrenzt, um eine professionelle und sichere Begleitung der Journey zu gew\u00e4hrleisten.&nbsp;<\/p>\n<p>F\u00fcr alle Veranstaltungen ben\u00f6tigst du keinerlei Vorerfahrungen.&nbsp;<\/p>\n<p>Du bist Willkommen &#8211; genau so wie du bist.<\/p>\t\t\t\t\t\t\t\t<\/div>\n\t\t\t\t<\/div>\n\t\t\t\t<div class=\"elementor-element elementor-element-478bbce elementor-widget elementor-widget-text-editor\" data-id=\"478bbce\" data-element_type=\"widget\" data-e-type=\"widget\" data-widget_type=\"text-editor.default\">\n\t\t\t\t<div class=\"elementor-widget-container\">\n\t\t\t\t\t\t\t\t\t<p style=\"text-align: center;\"><span style=\"font-size: 12px;\">Die Events finden grunds\u00e4tzlich in meinen eigenen R\u00e4umlichkeiten in Hannover-S\u00fcdstadt statt. Andernfalls steht die Location bei den Event-Infos dabei.<\/span><\/p><p style=\"text-align: center;\"><span style=\"font-size: 12px; color: var( --e-global-color-text ); font-family: var( --e-global-typography-text-font-family ), Sans-serif; font-weight: var( --e-global-typography-text-font-weight );\">Alle weiteren Infos erf\u00e4hrst du nach deiner Buchung.<\/span><\/p>\t\t\t\t\t\t\t\t<\/div>\n\t\t\t\t<\/div>\n\t\t\t\t\t<\/div>\n\t\t<\/div>\n\t\t\t\t\t<\/div>\n\t\t<\/section>\n\t\t\t\t<section class=\"elementor-section elementor-top-section elementor-element elementor-element-1b97b6f3 elementor-section-boxed elementor-section-height-default elementor-section-height-default\" data-id=\"1b97b6f3\" data-element_type=\"section\" data-e-type=\"section\" data-settings=\"{&quot;background_background&quot;:&quot;classic&quot;,&quot;_ha_eqh_enable&quot;:false}\">\n\t\t\t\t\t\t<div class=\"elementor-container elementor-column-gap-default\">\n\t\t\t\t\t<div class=\"elementor-column elementor-col-100 elementor-top-column elementor-element elementor-element-1b5f4ef7\" data-id=\"1b5f4ef7\" data-element_type=\"column\" data-e-type=\"column\">\n\t\t\t<div class=\"elementor-widget-wrap elementor-element-populated\">\n\t\t\t\t\t\t<section class=\"elementor-section elementor-inner-section elementor-element elementor-element-1dcf4757 elementor-section-boxed elementor-section-height-default elementor-section-height-default\" data-id=\"1dcf4757\" data-element_type=\"section\" data-e-type=\"section\" data-settings=\"{&quot;background_background&quot;:&quot;classic&quot;,&quot;_ha_eqh_enable&quot;:false}\">\n\t\t\t\t\t\t<div class=\"elementor-container elementor-column-gap-default\">\n\t\t\t\t\t<div class=\"elementor-column elementor-col-50 elementor-inner-column elementor-element elementor-element-8e20db8\" data-id=\"8e20db8\" data-element_type=\"column\" data-e-type=\"column\">\n\t\t\t<div class=\"elementor-widget-wrap elementor-element-populated\">\n\t\t\t\t\t\t<div class=\"elementor-element elementor-element-64b67879 elementor-widget elementor-widget-image\" data-id=\"64b67879\" data-element_type=\"widget\" data-e-type=\"widget\" data-widget_type=\"image.default\">\n\t\t\t\t<div class=\"elementor-widget-container\">\n\t\t\t\t\t\t\t\t\t\t\t\t\t\t\t<img fetchpriority=\"high\" decoding=\"async\" width=\"768\" height=\"1152\" src=\"https:\/\/breathwork-hannover.com\/wp-content\/uploads\/2024\/11\/30-DSC00586-768x1152.jpg\" class=\"attachment-medium_large size-medium_large wp-image-2969\" alt=\"\" srcset=\"https:\/\/breathwork-hannover.com\/wp-content\/uploads\/2024\/11\/30-DSC00586-768x1152.jpg 768w, https:\/\/breathwork-hannover.com\/wp-content\/uploads\/2024\/11\/30-DSC00586-200x300.jpg 200w, https:\/\/breathwork-hannover.com\/wp-content\/uploads\/2024\/11\/30-DSC00586-683x1024.jpg 683w, https:\/\/breathwork-hannover.com\/wp-content\/uploads\/2024\/11\/30-DSC00586-1024x1536.jpg 1024w, https:\/\/breathwork-hannover.com\/wp-content\/uploads\/2024\/11\/30-DSC00586-1365x2048.jpg 1365w, https:\/\/breathwork-hannover.com\/wp-content\/uploads\/2024\/11\/30-DSC00586-600x900.jpg 600w, https:\/\/breathwork-hannover.com\/wp-content\/uploads\/2024\/11\/30-DSC00586-scaled.jpg 1707w\" sizes=\"(max-width: 768px) 100vw, 768px\" \/>\t\t\t\t\t\t\t\t\t\t\t\t\t\t\t<\/div>\n\t\t\t\t<\/div>\n\t\t\t\t\t<\/div>\n\t\t<\/div>\n\t\t\t\t<div class=\"elementor-column elementor-col-50 elementor-inner-column elementor-element elementor-element-47b9312c\" data-id=\"47b9312c\" data-element_type=\"column\" data-e-type=\"column\">\n\t\t\t<div class=\"elementor-widget-wrap elementor-element-populated\">\n\t\t\t\t\t\t<div class=\"elementor-element elementor-element-11025c51 elementor-widget elementor-widget-heading\" data-id=\"11025c51\" data-element_type=\"widget\" data-e-type=\"widget\" data-widget_type=\"heading.default\">\n\t\t\t\t<div class=\"elementor-widget-container\">\n\t\t\t\t\t<h2 class=\"elementor-heading-title elementor-size-default\">Breathwork Circle<\/h2>\t\t\t\t<\/div>\n\t\t\t\t<\/div>\n\t\t\t\t<div class=\"elementor-element elementor-element-1e7dd3c elementor-widget elementor-widget-text-editor\" data-id=\"1e7dd3c\" data-element_type=\"widget\" data-e-type=\"widget\" data-widget_type=\"text-editor.default\">\n\t\t\t\t<div class=\"elementor-widget-container\">\n\t\t\t\t\t\t\t\t\t<p><br><\/p><p>Under the surface<\/p>\t\t\t\t\t\t\t\t<\/div>\n\t\t\t\t<\/div>\n\t\t\t\t<div class=\"elementor-element elementor-element-173216ed elementor-widget elementor-widget-text-editor\" data-id=\"173216ed\" data-element_type=\"widget\" data-e-type=\"widget\" data-widget_type=\"text-editor.default\">\n\t\t\t\t<div class=\"elementor-widget-container\">\n\t\t\t\t\t\t\t\t\t<p>Unter der Oberfl\u00e4che liegt so viel mehr von dir, als du im Alltag zeigen oder f\u00fchlen kannst.<\/p><p><strong data-start=\"1640\" data-end=\"1661\">Under the Surface<\/strong> ist ein 2,5-st\u00fcndiger Breathwork Circle, der dich mit conscious connected Breathwork zu genau diesen Schichten f\u00fchrt: zu deiner Lebendigkeit, deinen gehaltenen Emotionen, deiner Klarheit und deiner inneren Weite.<\/p><p>Egal, ob du Breathwork das erste Mal erleben m\u00f6chtest oder schon vertraut damit bist \u2013 dieser Raum l\u00e4dt dich ein, zu atmen, zu sp\u00fcren und dir neu zu begegnen.<br data-start=\"723\" data-end=\"726\" \/>Hier musst du nichts leisten, nichts erkl\u00e4ren, nichts zur\u00fcckhalten.<br data-start=\"793\" data-end=\"796\" \/>Nur atmen \u2013 und entdecken, was in dir schon lange darauf wartet, gesehen und gehalten zu werden.<\/p><p style=\"text-align: center;\"><em><strong>So. 26.04.2026 15:30 &#8211; 18:00 Uhr\u00a0<\/strong><\/em><\/p><p style=\"text-align: center;\"><em><strong>So. 17.05.2026 15:30 &#8211; 18:00 Uhr (bring-a-friend-Special)<\/strong><\/em><\/p><p style=\"text-align: center;\"><em><strong>Do. 11.06.2026 18:00 &#8211; 20:30 Uhr<\/strong><\/em><\/p><p style=\"text-align: center;\"><em><strong>So. 09.08.2026 11:30 &#8211; 14:00 Uhr<\/strong><\/em><\/p><p>Nach einem gemeinsamen Ankommen, erkl\u00e4re ich kurz die Theorie von Breathwork und die Atemtechnik der bewusst verbundenen Atmung, sodass dein Kopf alles wei\u00df, damit du dich gut und geerdet auf den anschlie\u00dfenden Atemprozess einlassen kannst.<\/p><p style=\"text-align: left;\">\u00a0<\/p>\t\t\t\t\t\t\t\t<\/div>\n\t\t\t\t<\/div>\n\t\t\t\t<div class=\"elementor-element elementor-element-60c952b7 elementor-widget elementor-widget-heading\" data-id=\"60c952b7\" data-element_type=\"widget\" data-e-type=\"widget\" data-widget_type=\"heading.default\">\n\t\t\t\t<div class=\"elementor-widget-container\">\n\t\t\t\t\t<h3 class=\"elementor-heading-title elementor-size-default\">Energieausgleich: 89\u20ac (REGULAR)<br>\nbring-A-FRIEND-tICKET: 99\u20ac (f\u00fcr 2 Pers. - nur am 17.05. g\u00fcltig)<\/h3>\t\t\t\t<\/div>\n\t\t\t\t<\/div>\n\t\t\t\t<div class=\"elementor-element elementor-element-2ec23932 elementor-widget elementor-widget-button\" data-id=\"2ec23932\" data-element_type=\"widget\" data-e-type=\"widget\" data-widget_type=\"button.default\">\n\t\t\t\t<div class=\"elementor-widget-container\">\n\t\t\t\t\t\t\t\t\t<div class=\"elementor-button-wrapper\">\n\t\t\t\t\t<a class=\"elementor-button elementor-button-link elementor-size-sm\" href=\"https:\/\/breathwork-hannover.com\/?page_id=2394\">\n\t\t\t\t\t\t<span class=\"elementor-button-content-wrapper\">\n\t\t\t\t\t\t\t\t\t<span class=\"elementor-button-text\">Anmelden<\/span>\n\t\t\t\t\t<\/span>\n\t\t\t\t\t<\/a>\n\t\t\t\t<\/div>\n\t\t\t\t\t\t\t\t<\/div>\n\t\t\t\t<\/div>\n\t\t\t\t\t<\/div>\n\t\t<\/div>\n\t\t\t\t\t<\/div>\n\t\t<\/section>\n\t\t\t\t\t<\/div>\n\t\t<\/div>\n\t\t\t\t\t<\/div>\n\t\t<\/section>\n\t\t\t\t<section class=\"elementor-section elementor-top-section elementor-element elementor-element-48952a0 elementor-section-boxed elementor-section-height-default elementor-section-height-default\" data-id=\"48952a0\" data-element_type=\"section\" data-e-type=\"section\" data-settings=\"{&quot;background_background&quot;:&quot;classic&quot;,&quot;_ha_eqh_enable&quot;:false}\">\n\t\t\t\t\t\t<div class=\"elementor-container elementor-column-gap-default\">\n\t\t\t\t\t<div class=\"elementor-column elementor-col-100 elementor-top-column elementor-element elementor-element-82bbdd1\" data-id=\"82bbdd1\" data-element_type=\"column\" data-e-type=\"column\">\n\t\t\t<div class=\"elementor-widget-wrap elementor-element-populated\">\n\t\t\t\t\t\t<section class=\"elementor-section elementor-inner-section elementor-element elementor-element-09fab06 elementor-section-boxed elementor-section-height-default elementor-section-height-default\" data-id=\"09fab06\" data-element_type=\"section\" data-e-type=\"section\" data-settings=\"{&quot;background_background&quot;:&quot;classic&quot;,&quot;_ha_eqh_enable&quot;:false}\">\n\t\t\t\t\t\t<div class=\"elementor-container elementor-column-gap-default\">\n\t\t\t\t\t<div class=\"elementor-column elementor-col-50 elementor-inner-column elementor-element elementor-element-c635238\" data-id=\"c635238\" data-element_type=\"column\" data-e-type=\"column\">\n\t\t\t<div class=\"elementor-widget-wrap elementor-element-populated\">\n\t\t\t\t\t\t<div class=\"elementor-element elementor-element-6ab8e5d elementor-widget elementor-widget-image\" data-id=\"6ab8e5d\" data-element_type=\"widget\" data-e-type=\"widget\" data-widget_type=\"image.default\">\n\t\t\t\t<div class=\"elementor-widget-container\">\n\t\t\t\t\t\t\t\t\t\t\t\t\t\t\t<img decoding=\"async\" width=\"768\" height=\"960\" src=\"https:\/\/breathwork-hannover.com\/wp-content\/uploads\/2026\/03\/Deep-Dive-Breathwork-768x960.png\" class=\"attachment-medium_large size-medium_large wp-image-3602\" alt=\"\" srcset=\"https:\/\/breathwork-hannover.com\/wp-content\/uploads\/2026\/03\/Deep-Dive-Breathwork-768x960.png 768w, https:\/\/breathwork-hannover.com\/wp-content\/uploads\/2026\/03\/Deep-Dive-Breathwork-240x300.png 240w, https:\/\/breathwork-hannover.com\/wp-content\/uploads\/2026\/03\/Deep-Dive-Breathwork-819x1024.png 819w, https:\/\/breathwork-hannover.com\/wp-content\/uploads\/2026\/03\/Deep-Dive-Breathwork.png 1080w\" sizes=\"(max-width: 768px) 100vw, 768px\" \/>\t\t\t\t\t\t\t\t\t\t\t\t\t\t\t<\/div>\n\t\t\t\t<\/div>\n\t\t\t\t\t<\/div>\n\t\t<\/div>\n\t\t\t\t<div class=\"elementor-column elementor-col-50 elementor-inner-column elementor-element elementor-element-d373f42\" data-id=\"d373f42\" data-element_type=\"column\" data-e-type=\"column\">\n\t\t\t<div class=\"elementor-widget-wrap elementor-element-populated\">\n\t\t\t\t\t\t<div class=\"elementor-element elementor-element-f51c39a elementor-widget elementor-widget-heading\" data-id=\"f51c39a\" data-element_type=\"widget\" data-e-type=\"widget\" data-widget_type=\"heading.default\">\n\t\t\t\t<div class=\"elementor-widget-container\">\n\t\t\t\t\t<h2 class=\"elementor-heading-title elementor-size-default\">Breathwork Circle<\/h2>\t\t\t\t<\/div>\n\t\t\t\t<\/div>\n\t\t\t\t<div class=\"elementor-element elementor-element-689a278 elementor-widget elementor-widget-text-editor\" data-id=\"689a278\" data-element_type=\"widget\" data-e-type=\"widget\" data-widget_type=\"text-editor.default\">\n\t\t\t\t<div class=\"elementor-widget-container\">\n\t\t\t\t\t\t\t\t\t<p>\u00a0<\/p><p>Deep Dive Breathwork<\/p>\t\t\t\t\t\t\t\t<\/div>\n\t\t\t\t<\/div>\n\t\t\t\t<div class=\"elementor-element elementor-element-a79a137 elementor-widget elementor-widget-text-editor\" data-id=\"a79a137\" data-element_type=\"widget\" data-e-type=\"widget\" data-widget_type=\"text-editor.default\">\n\t\t\t\t<div class=\"elementor-widget-container\">\n\t\t\t\t\t\t\t\t\t<p style=\"text-align: center;\">Es gibt einen Ort in dir,<br \/>der mehr wei\u00df als dein Verstand.<br \/>Tiefer als Gedanken.<br \/>Tiefer als Muster.<br \/>Tiefer als das, was du bisher \u00fcber dich geglaubt hast.<\/p><p>Mit Conscious Connected Breathwork \u00f6ffnest du den Raum f\u00fcr:<br \/>&#8211; das L\u00f6sen emotionaler Blockaden<br \/>&#8211; eine sp\u00fcrbar tiefere Verbindung zu dir selbst<br \/>&#8211; Regulation deines Nervensystems<br \/>&#8211; echte Ver\u00e4nderung alter Muster<br \/>&#8211; Zugang zu deinem F\u00fchlen<br \/>&#8211; mehr Belastbarkeit &amp; innere Kapazit\u00e4t<br \/>&#8211; f\u00fchlbare Klarheit, Freiheit &amp; Lebendigkeit<\/p><p style=\"text-align: center;\">Ein ganz besonderer Ort.<br \/>Und ein ganz besonderer Abend.<br \/>Wenn du sp\u00fcrst, dass es Zeit ist, dir selbst auf einer neuen Ebene zu begegnen \u2014<br \/>dann ist das dein Zeichen.<\/p><p style=\"text-align: center;\"><em><strong>Fr. 10.April &#8217;26 18:15-21:15 Uhr (ausgebucht)<\/strong><\/em><\/p><p style=\"text-align: center;\">Bist du bereit zu tauchen?\u00a0<\/p>\t\t\t\t\t\t\t\t<\/div>\n\t\t\t\t<\/div>\n\t\t\t\t<div class=\"elementor-element elementor-element-b02112d elementor-widget elementor-widget-heading\" data-id=\"b02112d\" data-element_type=\"widget\" data-e-type=\"widget\" data-widget_type=\"heading.default\">\n\t\t\t\t<div class=\"elementor-widget-container\">\n\t\t\t\t\t<h3 class=\"elementor-heading-title elementor-size-default\">Energieausgleich: 65\u20ac<\/h3>\t\t\t\t<\/div>\n\t\t\t\t<\/div>\n\t\t\t\t<div class=\"elementor-element elementor-element-a0096ed elementor-widget elementor-widget-button\" data-id=\"a0096ed\" data-element_type=\"widget\" data-e-type=\"widget\" data-widget_type=\"button.default\">\n\t\t\t\t<div class=\"elementor-widget-container\">\n\t\t\t\t\t\t\t\t\t<div class=\"elementor-button-wrapper\">\n\t\t\t\t\t<a class=\"elementor-button elementor-button-link elementor-size-sm\" href=\"https:\/\/breathwork-hannover.com\/?page_id=2394\">\n\t\t\t\t\t\t<span class=\"elementor-button-content-wrapper\">\n\t\t\t\t\t\t\t\t\t<span class=\"elementor-button-text\">Anmelden<\/span>\n\t\t\t\t\t<\/span>\n\t\t\t\t\t<\/a>\n\t\t\t\t<\/div>\n\t\t\t\t\t\t\t\t<\/div>\n\t\t\t\t<\/div>\n\t\t\t\t\t<\/div>\n\t\t<\/div>\n\t\t\t\t\t<\/div>\n\t\t<\/section>\n\t\t\t\t\t<\/div>\n\t\t<\/div>\n\t\t\t\t\t<\/div>\n\t\t<\/section>\n\t\t\t\t<section class=\"elementor-section elementor-top-section elementor-element elementor-element-45fd3e1 elementor-section-boxed elementor-section-height-default elementor-section-height-default\" data-id=\"45fd3e1\" data-element_type=\"section\" data-e-type=\"section\" data-settings=\"{&quot;background_background&quot;:&quot;classic&quot;,&quot;_ha_eqh_enable&quot;:false}\">\n\t\t\t\t\t\t<div class=\"elementor-container elementor-column-gap-default\">\n\t\t\t\t\t<div class=\"elementor-column elementor-col-100 elementor-top-column elementor-element elementor-element-753ad0b\" data-id=\"753ad0b\" data-element_type=\"column\" data-e-type=\"column\">\n\t\t\t<div class=\"elementor-widget-wrap elementor-element-populated\">\n\t\t\t\t\t\t<section class=\"elementor-section elementor-inner-section elementor-element elementor-element-ba6166b elementor-section-boxed elementor-section-height-default elementor-section-height-default\" data-id=\"ba6166b\" data-element_type=\"section\" data-e-type=\"section\" data-settings=\"{&quot;background_background&quot;:&quot;classic&quot;,&quot;_ha_eqh_enable&quot;:false}\">\n\t\t\t\t\t\t<div class=\"elementor-container elementor-column-gap-default\">\n\t\t\t\t\t<div class=\"elementor-column elementor-col-50 elementor-inner-column elementor-element elementor-element-8352684\" data-id=\"8352684\" data-element_type=\"column\" data-e-type=\"column\">\n\t\t\t<div class=\"elementor-widget-wrap elementor-element-populated\">\n\t\t\t\t\t\t<div class=\"elementor-element elementor-element-05507cd elementor-widget elementor-widget-heading\" data-id=\"05507cd\" data-element_type=\"widget\" data-e-type=\"widget\" data-widget_type=\"heading.default\">\n\t\t\t\t<div class=\"elementor-widget-container\">\n\t\t\t\t\t<h2 class=\"elementor-heading-title elementor-size-default\">Breathwork - &amp;  Mentoringjourney<\/h2>\t\t\t\t<\/div>\n\t\t\t\t<\/div>\n\t\t\t\t<div class=\"elementor-element elementor-element-fe1f8ef elementor-widget elementor-widget-text-editor\" data-id=\"fe1f8ef\" data-element_type=\"widget\" data-e-type=\"widget\" data-widget_type=\"text-editor.default\">\n\t\t\t\t<div class=\"elementor-widget-container\">\n\t\t\t\t\t\t\t\t\t<p>\u00a0<\/p><p>Roots into soul<\/p>\t\t\t\t\t\t\t\t<\/div>\n\t\t\t\t<\/div>\n\t\t\t\t<div class=\"elementor-element elementor-element-3556138 elementor-widget elementor-widget-text-editor\" data-id=\"3556138\" data-element_type=\"widget\" data-e-type=\"widget\" data-widget_type=\"text-editor.default\">\n\t\t\t\t<div class=\"elementor-widget-container\">\n\t\t\t\t\t\t\t\t\t<p data-start=\"134\" data-end=\"314\"><strong data-start=\"134\" data-end=\"153\">Roots into Soul<\/strong> ist eine f\u00fcnfteilige Reise zur\u00fcck zu dir.<br data-start=\"195\" data-end=\"198\" \/>Zur\u00fcck in deinen K\u00f6rper.<br data-start=\"222\" data-end=\"225\" \/>Zur\u00fcck in deine innere Wahrheit.<br data-start=\"257\" data-end=\"260\" \/>Zur\u00fcck in ein Leben, das sich wieder nach dir anf\u00fchlt.<\/p><p data-start=\"316\" data-end=\"592\">In einem gesch\u00fctzten Raum unter Frauen verbinden wir Breathwork mit traumasensibler K\u00f6rperarbeit, Mentoring, Ritualen und Embodiment.<br data-start=\"449\" data-end=\"452\" \/>Du lernst, dich selbst zu halten, alte Muster loszulassen und Sicherheit in dir zu finden \u2013 auch in Zeiten von Ver\u00e4nderung und Neuausrichtung.<\/p><p data-start=\"594\" data-end=\"705\">Diese Journey ist f\u00fcr dich, wenn dein Herz l\u00e4ngst wei\u00df, dass da mehr auf dich wartet, als nur zu funktionieren.<\/p><p data-start=\"707\" data-end=\"815\">\u00a0<strong data-start=\"709\" data-end=\"767\">Die n\u00e4chste Runde von Roots into Soul startet im Herbst 2026. Weitere Infos findest du hier:<\/strong><\/p>\t\t\t\t\t\t\t\t<\/div>\n\t\t\t\t<\/div>\n\t\t\t\t<div class=\"elementor-element elementor-element-93549de elementor-mobile-align-center elementor-widget elementor-widget-button\" data-id=\"93549de\" data-element_type=\"widget\" data-e-type=\"widget\" data-widget_type=\"button.default\">\n\t\t\t\t<div class=\"elementor-widget-container\">\n\t\t\t\t\t\t\t\t\t<div class=\"elementor-button-wrapper\">\n\t\t\t\t\t<a class=\"elementor-button elementor-button-link elementor-size-sm\" href=\"https:\/\/breathwork-hannover.com\/?page_id=3310\">\n\t\t\t\t\t\t<span class=\"elementor-button-content-wrapper\">\n\t\t\t\t\t\t\t\t\t<span class=\"elementor-button-text\">Hier<\/span>\n\t\t\t\t\t<\/span>\n\t\t\t\t\t<\/a>\n\t\t\t\t<\/div>\n\t\t\t\t\t\t\t\t<\/div>\n\t\t\t\t<\/div>\n\t\t\t\t\t<\/div>\n\t\t<\/div>\n\t\t\t\t<div class=\"elementor-column elementor-col-50 elementor-inner-column elementor-element elementor-element-3179792\" data-id=\"3179792\" data-element_type=\"column\" data-e-type=\"column\">\n\t\t\t<div class=\"elementor-widget-wrap elementor-element-populated\">\n\t\t\t\t\t\t<div class=\"elementor-element elementor-element-0c7e9ca elementor-widget elementor-widget-image\" data-id=\"0c7e9ca\" data-element_type=\"widget\" data-e-type=\"widget\" data-widget_type=\"image.default\">\n\t\t\t\t<div class=\"elementor-widget-container\">\n\t\t\t\t\t\t\t\t\t\t\t\t\t\t\t<img decoding=\"async\" width=\"768\" height=\"723\" src=\"https:\/\/breathwork-hannover.com\/wp-content\/uploads\/2025\/11\/IMG_20251118_111610-2-768x723.jpg\" class=\"attachment-medium_large size-medium_large wp-image-3478\" alt=\"\" srcset=\"https:\/\/breathwork-hannover.com\/wp-content\/uploads\/2025\/11\/IMG_20251118_111610-2-768x723.jpg 768w, https:\/\/breathwork-hannover.com\/wp-content\/uploads\/2025\/11\/IMG_20251118_111610-2-300x283.jpg 300w, https:\/\/breathwork-hannover.com\/wp-content\/uploads\/2025\/11\/IMG_20251118_111610-2-1024x964.jpg 1024w, https:\/\/breathwork-hannover.com\/wp-content\/uploads\/2025\/11\/IMG_20251118_111610-2-1536x1447.jpg 1536w, https:\/\/breathwork-hannover.com\/wp-content\/uploads\/2025\/11\/IMG_20251118_111610-2.jpg 1839w\" sizes=\"(max-width: 768px) 100vw, 768px\" \/>\t\t\t\t\t\t\t\t\t\t\t\t\t\t\t<\/div>\n\t\t\t\t<\/div>\n\t\t\t\t\t<\/div>\n\t\t<\/div>\n\t\t\t\t\t<\/div>\n\t\t<\/section>\n\t\t\t\t\t<\/div>\n\t\t<\/div>\n\t\t\t\t\t<\/div>\n\t\t<\/section>\n\t\t\t\t<\/div>\n\t\t","protected":false},"excerpt":{"rendered":"<p>Hier findest du eine \u00dcbersicht \u00fcber meine aktuellen Events. Die Teilnehmerzahl ist begrenzt, um eine professionelle und sichere Begleitung der Journey zu gew\u00e4hrleisten.&nbsp; F\u00fcr alle Veranstaltungen ben\u00f6tigst du keinerlei Vorerfahrungen.&nbsp; Du bist Willkommen &#8211; genau so wie du bist. Die Events finden grunds\u00e4tzlich in meinen eigenen R\u00e4umlichkeiten in Hannover-S\u00fcdstadt statt. Andernfalls steht die Location bei [&hellip;]<\/p>\n","protected":false},"author":3,"featured_media":0,"parent":0,"menu_order":0,"comment_status":"closed","ping_status":"closed","template":"","meta":{"footnotes":""},"class_list":["post-2439","page","type-page","status-publish","hentry"],"_links":{"self":[{"href":"https:\/\/breathwork-hannover.com\/index.php?rest_route=\/wp\/v2\/pages\/2439","targetHints":{"allow":["GET"]}}],"collection":[{"href":"https:\/\/breathwork-hannover.com\/index.php?rest_route=\/wp\/v2\/pages"}],"about":[{"href":"https:\/\/breathwork-hannover.com\/index.php?rest_route=\/wp\/v2\/types\/page"}],"author":[{"embeddable":true,"href":"https:\/\/breathwork-hannover.com\/index.php?rest_route=\/wp\/v2\/users\/3"}],"replies":[{"embeddable":true,"href":"https:\/\/breathwork-hannover.com\/index.php?rest_route=%2Fwp%2Fv2%2Fcomments&post=2439"}],"version-history":[{"count":266,"href":"https:\/\/breathwork-hannover.com\/index.php?rest_route=\/wp\/v2\/pages\/2439\/revisions"}],"predecessor-version":[{"id":3640,"href":"https:\/\/breathwork-hannover.com\/index.php?rest_route=\/wp\/v2\/pages\/2439\/revisions\/3640"}],"wp:attachment":[{"href":"https:\/\/breathwork-hannover.com\/index.php?rest_route=%2Fwp%2Fv2%2Fmedia&parent=2439"}],"curies":[{"name":"wp","href":"https:\/\/api.w.org\/{rel}","templated":true}]}}